-33. Suppose -4*c = c - a. What is the units digit of 15/c - (-2)/8?
4
Let l = -235 - -437. What is the units digit of l?
2
Let a = -6 - -8. Suppose 20 = -a*s + 7*s. Suppose s*y + 5*j + 1 = -6, 3*y - 4*j = 18. What is the units digit of y?
2
Let f(u) = -12*u - 1. Suppose -4*x - 6 = -2. Let l be f(x). What is the tens digit of l + -1 - 0/1?
1
Suppose 2*x = -2*h - 0*x + 8, -2*h = -x - 5. Let s(y) = y**3 - y**3 - 2*y - y**h - 4 + 4*y**2 + y**2. What is the units digit of s(3)?
8
Suppose 0 = -7*n + 2*n + 485. What is the units digit of n?
7
Suppose -9*u + 457 = -38. What is the units digit of u?
5
Suppose -2*l + 121 - 1 = 0. Suppose 0*s - 2*s = -l. Suppose 0 = -2*m + 4*m - s. What is the units digit of m?
5
Let b(z) = z**2 + 3*z. Let n be b(-3). Suppose n*j - 2*j = 10. Let f = -3 - j. What is the units digit of f?
2
Let g(o) = -7*o**2 - 19*o - 5. Let t(k) = -11*k**2 - 29*k - 7. Let b(j) = -8*g(j) + 5*t(j). What is the tens digit of b(-9)?
2
Let q be 5/(-1 - -2)*1. Suppose 5*p + 1 = 2*c + 6, -q*c + 45 = -p. What is the units digit of c?
0
Let z = 18 + -11. What is the tens digit of -3 - -3*z - 2?
1
Suppose -2*f + 0*f = -34. What is the units digit of f?
7
Suppose 5*s + 0 = 2*o + 3, -3*o = s - 21. Let k(n) = -n**2 + 7*n - 3. Let u be k(o). Suppose 8 = b + u*b. What is the units digit of b?
2
Let z(b) = 5*b - 5*b - 9*b + 4. What is the tens digit of z(-3)?
3
Let h = 9 - 5. Let m(s) be the first derivative of s**4/4 - s**3 - s**2/2 + 5*s + 2. What is the units digit of m(h)?
7
Let g(a) = a**2 - 2*a + 1. Let i = -11 + 6. What is the units digit of g(i)?
6
Let o(w) = -1 + 7*w + 0*w + 12*w. What is the units digit of o(3)?
6
Let f = -199 - -284. What is the units digit of f?
5
Let x(g) = g**2 + 6*g + 4. Let v be x(-6). Suppose o - v - 5 = 0. What is the units digit of o?
9
Suppose -4*z + 0*z - 12 = -2*d, 2*z = -d + 2. Suppose d = n + 3. Let l(p) = 5*p. What is the units digit of l(n)?
5
Suppose 56 = 2*v - 4*p, -5*v - 5*p = -2*v - 73. What is the tens digit of v?
2
Let r(l) = l**2 + l - 1. Let c be r(-3). Suppose -103 = -c*n - 18. What is the tens digit of n?
1
Suppose 4*u = -2*n + 78 + 168, -5 = -n. What is the units digit of u?
9
Let j be 7/(-2)*-4 - 2. Suppose -2*l - j = -5*l. What is the units digit of l?
4
Let v(o) = o**3 + 8*o**2 - 10*o - 5. Let l be v(-9). Suppose -4 = -i + l. What is the units digit of i?
8
Suppose 3*r - 7 = 26. What is the tens digit of r?
1
Let q = 2 + 1. Suppose q*x = 5*x - 102. What is the units digit of x?
1
What is the units digit of -3*(-2)/(-2) + 45?
2
Suppose 4*j - 11 = 5. Let a(m) = 5*m + 5. What is the units digit of a(j)?
5
Let k be ((-36)/(-30))/(2/45). Let f = -1 + k. Suppose 5*y + 0*c = c + f, c + 6 = y. What is the units digit of y?
5
Let o = -6 - -5. Let y be (o/(-2))/((-2)/(-4)). What is the units digit of (-12 + y + -2)*-1?
3
Let j = 565 + -404. What is the tens digit of j?
6
Let v be (3 + 1)*(-2)/4. Let k(i) = 2*i**2 + i. Let w be k(v). Let p = -4 + w. What is the units digit of p?
2
Suppose 0 = 4*l - 4*d - 0 + 8, -3*d + 15 = 0. Let a be (-40)/(-12) - 1/l. Suppose 0 = a*m - 10 - 23. What is the tens digit of m?
1
What is the tens digit of (-23)/((1/(-1))/5)?
1
Let n = 10 + 22. What is the units digit of n?
2
What is the units digit of (-11)/(33/18) - -348?
2
What is the tens digit of (-2)/(-7) + (-5720)/(-70)?
8
Let m(g) = -g**3 + 14*g**2 + 22*g - 8. What is the tens digit of m(15)?
9
Suppose -4*t = -2*c + c - 17, -2*c - 9 = -3*t. Suppose a - 17 = 17. Suppose -z - a = -c*s, 0 = -s + 4*z + 2 - 9. What is the tens digit of s?
1
Let a(o) = -o**2 - 7*o + 10. Let l be a(-8). Suppose -2*c = -3*c - 3*z, -5*z = -2*c. Suppose c = b - 12 + l. What is the tens digit of b?
1
Suppose 0*h - 410 = -10*h. What is the tens digit of h?
4
Let h be (-3)/(-15) - 9/(-5). Suppose 0 = -2*x - h*x + 4. What is the units digit of x?
1
What is the tens digit of -3*(37/(-3) - 1)?
4
Let m(y) = -y**2 - y + 14. Let q be 0*1/(-3) + 0. Let t be m(q). What is the units digit of t*2/8*2?
7
Let x(o) = 11*o + 24. What is the tens digit of x(6)?
9
Suppose -4*f - 56 = -2*w - 240, 0 = 5*f - 2*w - 229. What is the tens digit of f?
4
Let o(k) = k**2 + 5*k + 1. Let b be o(-5). What is the tens digit of 3/b + (17 - -9)?
2
Suppose 6*k + 13 - 199 = 0. What is the tens digit of k?
3
Suppose 0*i + 102 = 5*d - i, 0 = -3*d - 4*i + 75. Let b = 37 - d. What is the units digit of b?
6
Suppose -4*b - 162 = -4*i + 94, i + 2*b = 61. What is the tens digit of i?
6
Let s be 4/(-10) - (-936)/15. Suppose 4*k - 58 = 2*a - a, 5*k + 4*a = s. Suppose 28 = 4*n + 2*r - 4*r, 0 = 2*n - 2*r - k. What is the units digit of n?
7
Let p = -11 + 15. Let c(u) be the third derivative of -u**5/60 + u**4/3 + 2*u**3/3 - 16*u**2. What is the tens digit of c(p)?
2
Let w = -11 + 17. Suppose 5*f - 36 = -w*s + 2*s, 2*f - 21 = 5*s. What is the units digit of f?
8
Suppose 0 = 3*d + 4*y + 25, -5*d = -5*y + 2*y + 3. Let b(q) be the third derivative of -q**4/8 - q**3/2 + 2*q**2. What is the units digit of b(d)?
6
Suppose 0 = -n + 2*n - 3, 0 = 3*s - 3*n - 84. What is the tens digit of s?
3
Suppose -a + 44 = -4*t, -5*a = -2*a + 3*t - 192. What is the tens digit of a?
6
What is the units digit of 1/((-1)/88*-4)?
2
Suppose 4*o + 2*f + 3*f = 62, -5*f - 100 = -5*o. What is the tens digit of o?
1
Suppose 0 = -0*n + 4*n - 64. What is the tens digit of n?
1
What is the units digit of (-116)/(-1) - (-4 + (-2 - -5))?
7
Let u(h) = h + 5. Let f be u(0). Suppose -v + 20 = -f*x, 2 = 3*v - 4*x - 14. Suppose p - 4*r - 15 = 0, 4*p - r - 15 = -v*p. What is the units digit of p?
3
Let p(r) = 3*r - 2. Let d be p(2). Let f be (-1 - (-1 + 1))*-5. Suppose -u = 3*y - d, f*y = u + 8 + 4. What is the units digit of y?
2
Let o = -37 + 62. What is the tens digit of o?
2
What is the units digit of (-15)/(-3*(-4)/(-36))?
5
Let g = -1 - -10. What is the units digit of (-3)/g + 16/3?
5
Let u = 3 + 4. Let d = u + -2. What is the units digit of d?
5
Let x(d) = 2*d - 6. What is the units digit of x(6)?
6
Let t(q) = 51*q**2 - 1. What is the tens digit of t(-1)?
5
Let g(m) = m**3 - 3*m**2 - m - 2. Let t = 0 + 4. What is the tens digit of g(t)?
1
Let o(j) = -4*j - 4. Let b be o(-11). Suppose -z - b = -5*z. What is the units digit of z?
0
What is the hundreds digit of 184 + (0/1)/(-1) - 4?
1
Let x(p) be the second derivative of 7*p**3/3 - p**2/2 + p. What is the tens digit of x(1)?
1
Suppose -13 + 55 = 2*a. What is the units digit of a?
1
Suppose 2*g + r - 113 = 0, 2*g - 7*g + 5*r + 275 = 0. Suppose 5*i - g = -3*s, -2*i - 3*s + 26 = -0*s. Suppose 3*d - 34 + i = 0. What is the units digit of d?
8
Suppose 0 = -3*j + 4*w + 170, 2*j + 0*j - 100 = -4*w. Suppose j + 34 = 2*l. What is the units digit of l?
4
Suppose 0 = 2*t + i - 68 - 35, -4*t + 205 = i. What is the units digit of t?
1
Let o be 2*(-1)/(-6)*27. Let p(y) = y**2 - 8*y - 11. Let c(s) = -s**2 + 8*s + 10. Let z(w) = -4*c(w) - 3*p(w). What is the units digit of z(o)?
2
Suppose -t = 5*w - 26, -6*w + 2*w + 16 = 0. Let j = t - 3. What is the tens digit of -2*(66/(-4))/j?
1
Suppose 0*w - 2*w + 4 = 0. What is the units digit of 34/4 - w/(-4)?
9
Let f be (-1 + 2)*8/(-2). Suppose -3*i = 2*i - 45. Let w = i + f. What is the units digit of w?
5
Let m(a) = -a**3 - 5*a**2 - 7*a - 19. What is the hundreds digit of m(-7)?
1
Suppose 3*q + 3*q = 222. What is the units digit of q?
7
Let w = 218 - 22. What is the hundreds digit of w?
1
Suppose 4*v + 130 = r, 3*v - v = 4*r - 562. What is the tens digit of r?
4
Suppose 0*b + 104 = 2*b. What is the units digit of b?
2
Let i(r) = -3*r - 1. Let q(c) = 4*c + 1. Let h(j) = -6*i(j) - 5*q(j). Let f be h(-1). What is the units digit of -1 - -12 - (0 - f)?
4
Suppose 2*q + q - 15 = 0. Suppose 2*r - 4*k = 8, -2*k + q - 3 = 2*r. What is the units digit of r?
2
Suppose 4*m - 2*m - 8 = 0. What is the units digit of m?
4
Suppose -m + 4*m - 134 = i, 5*m = -i + 210. What is the units digit of m?
3
Let a = -37 + 101. Suppose -c - 3*c = -4*z + a, 4*z = 16. What is the units digit of (c/(-9))/((-4)/(-6))?
2
What is the tens digit of (752/4)/4*1?
4
Let s(c) be the first derivative of -3*c**2 - 9*c + 1/3*c**3 + 2. What is the units digit of s(8)?
7
Suppose -22*p + 1148 = -18*p. What is the tens digit of p?
8
Let o be (-8)/12 + 8/3. Suppose o*f = 4*f. Suppose -c + 0 + 2 =